s the units digit of i?
2
What is the hundreds digit of (-5)/10*4 - -893?
8
Let i be 5/((-15)/12) + -68. Let n be (2 + -4)*(-3 + i). Suppose l + 103 = 2*k, -3*l = 2*k - 5*k + n. What is the tens digit of k?
5
Let h = 472 + -251. Let o be h/5 + (-2)/10. Let u = -13 + o. What is the tens digit of u?
3
Suppose 0 = -t + 2*t - 2. Suppose -6 = -3*d - 3*o, -t*d + 1 = -2*o - 3. Suppose -3*w + 24 = -d*w. What is the tens digit of w?
2
Let b(i) = -i**3 + 4*i**2 - i - 1. Let r be b(3). Let v be 6 + (-3610)/(-25) - 4/10. Suppose -27 = -d - 3*z - 3, -r*z = 5*d - v. What is the units digit of d?
3
Let t(d) = -180*d + 41. What is the hundreds digit of t(-6)?
1
What is the tens digit of (-2*18)/4 - -1278?
6
Let q be 1/2 + (-4965)/(-10). Suppose 3*g + 4*f = q, -6*g + 2*g = 3*f - 665. What is the tens digit of g?
6
Let m be 1 + (3 - 4 - -4). Suppose m*l - 1575 = -5*l. What is the hundreds digit of l?
1
Let g(k) = -k**2 + 9*k - 7. Let y be g(7). Suppose -4*z = -3*z - y. What is the units digit of z?
7
Let y = -2 + 421. What is the hundreds digit of y?
4
Suppose -189*s = -181*s - 12776. What is the thousands digit of s?
1
Let v = -27 + 30. Suppose v*r - 4*i - 138 = -0*r, -4*i = -4*r + 188. What is the units digit of r?
0
Suppose -56 = -4*w + 132. Let z = -45 + 115. Let a = z - w. What is the tens digit of a?
2
Let l(a) = 4*a - 7. Suppose -t - 2*f = -3*t - 12, 3*f = -3. Let d = t + 12. What is the units digit of l(d)?
3
Let l(f) = 8*f + 129. What is the tens digit of l(8)?
9
What is the hundreds digit of ((-153)/24 - -6) + 12643/8?
5
Let s(o) = -o**2 + 65*o - 12. What is the tens digit of s(20)?
8
Let b(u) = 2*u**3 - 5*u**2 + 5*u - 6. Let p be b(4). Let t = p + -46. What is the units digit of t?
6
Suppose -29275 = -17*w + 24292. What is the hundreds digit of w?
1
Let p = 13 + -5. Suppose -p*a - 28 = -10*a. What is the units digit of a?
4
Let k = -77 + 84. Suppose -4*i + k*i - 930 = 0. What is the hundreds digit of i?
3
Let l(k) = 26*k**3 - k**2 + 1. Let i be l(1). Let f = 77 + -80. What is the tens digit of i*(f/3 + 2)?
2
Let x(y) = -4 + 7*y + 11 + 4*y**2 + 1 + 1. What is the units digit of x(-6)?
1
Suppose h = -5*a - 40, -h + 0*a - 24 = a. Let r(i) = -i**3 - 20*i**2 - 4*i - 26. What is the units digit of r(h)?
4
Let y(p) = p**3 - 5*p**2 - 8*p + 4. Let z be y(8). Suppose 4*c + 3*d = 5*c - 22, 4*d = 5*c - z. What is the units digit of ((-4)/(-2))/(c/910)?
5
Let k(p) = 237*p - 54. Let v be k(-19). What is the units digit of v/(-42)*1*2?
7
Let n = -2 - 2. Let y(i) = i + 2. Let v be y(n). What is the tens digit of 1/(-1)*v + 13?
1
Let x = 1257 + -176. What is the tens digit of x?
8
Suppose -2044 + 5797 = 9*p. What is the hundreds digit of p?
4
Suppose -2*h + 19*q - 23*q + 8248 = 0, 4*h - 16472 = 4*q. What is the units digit of h?
0
Suppose 0 = 11*c - 140 - 18714. What is the hundreds digit of c?
7
Suppose 13 = 3*s + r, 2*s = -2*s + 5*r - 8. What is the tens digit of (15/10)/(s/176)?
8
Suppose -43*f + 53454 = 16*f. What is the units digit of f?
6
Let p = 203 + -105. Suppose j - 3*l = -l + p, 5*l = -5*j + 520. What is the units digit of j?
2
Suppose -3*r + 4*s = -0*s - 4249, -4*s - 2838 = -2*r. What is the units digit of r?
1
Let l be ((9/(-1))/(-3))/(2/(-6)). What is the tens digit of 4374/72 - (l/4)/(-3)?
6
Let u = -22 + 38. Let b = u + -16. Suppose 0 = -4*c + 3*w + 136, -5*c + w + 164 - 5 = b. What is the units digit of c?
1
Let k(a) = -a**3 + 15*a**2 - a + 11. Let f(h) = -9*h - 3. Let y be f(-2). Let p be k(y). What is the units digit of p/14 + 170/7?
4
Suppose 0 = 45*t - 28*t - 36975. What is the thousands digit of t?
2
Suppose -914*h = -904*h - 7700. What is the units digit of h?
0
Suppose -5*z - 5*r + 1441 = -3204, -4609 = -5*z + 4*r. What is the tens digit of z?
2
Let k be 2/(-16) + (5 - (-32409)/72). Let a = -253 + k. What is the hundreds digit of a?
2
Let m(v) = 34*v - 2. Suppose 2*q + 16 = 2*r - 0*q, 0 = -2*q - 10. Let w be m(r). Let i = w - 21. What is the units digit of i?
9
Let x = 61 + -48. Let d(l) = -l**2 + 14*l + 31. What is the units digit of d(x)?
4
Let m(x) be the second derivative of x**5/20 - 3*x**4/4 + 2*x**3 - 9*x**2 - 4*x. Let f be m(13). What is the tens digit of f/30 - (-12)/(-90)?
2
Let b be (1/(-2))/(10/280). Let k = b + 21. Let l = k - 0. What is the units digit of l?
7
Let z(x) = 4*x - 2 + x**2 - 5*x + 0*x**2 + 2*x. Let t be z(-2). Suppose -2*w + 35 = v - t*v, 4*w - 71 = -3*v. What is the tens digit of w?
1
Let j(l) = -l**3 + 13*l**2 - 13*l + 53. What is the hundreds digit of j(10)?
2
Suppose 12*j - 379 = 113. Let z = 84 - j. What is the units digit of z?
3
Suppose c = 0, -8*p = -3*p + 5*c - 30. What is the tens digit of (-2 - -2) + 84 + p?
9
What is the tens digit of 1242/(-36)*114/(-9)?
3
Let s = -693 - -480. Let v = s - -402. What is the tens digit of v?
8
Let h be (-3)/((-2 - -1) + 0). Suppose -2*c - z = -28 - 121, h*z = -2*c + 151. What is the tens digit of c?
7
Let a = -226 - -1131. What is the tens digit of a?
0
Let j(m) = -70*m. Let x be j(-2). Let q = 208 - x. What is the units digit of q?
8
Suppose 5*o - 1098 = -o. Suppose -2*x + 87 = r, -2*r = 5*x - o + 9. What is the units digit of r?
7
Let i(s) be the third derivative of 2*s**5/15 - s**4/3 + s**3/3 - 7*s**2. What is the units digit of i(3)?
0
Suppose 1786 = 46*v - 9668. What is the hundreds digit of v?
2
Let y(m) = -m**3 + 2*m**2 + 11*m - 8. Let n be y(4). What is the tens digit of ((-2)/3)/(n - (-615)/(-153))?
3
Suppose 11981 = 8*q - 6155. What is the tens digit of q?
6
Suppose -21*t = -16*t - 2895. What is the hundreds digit of t?
5
Let f = -30 + 18. What is the units digit of (-2)/f - (2492/(-24) + -1)?
5
Let h(l) = l**3 - 10*l**2 - 10*l - 9. Let j be h(11). What is the tens digit of 196/16 - j/8?
1
Let j(f) = -f + 13. Let b be j(0). Suppose 4*g - 57 = -b. What is the units digit of g?
1
What is the tens digit of 5 + (-21428)/(-32) + (-24)/(-64)?
7
What is the units digit of 4/(-32) + 21525/40?
8
Let x(g) = -g**2 + 7*g - 10. Let d be x(5). Let b(j) = j**3 - j**2 + j. Let o be b(d). Suppose -50 + o = -5*h. What is the tens digit of h?
1
Let x(c) = 265*c**2 + 9*c + 6. What is the hundreds digit of x(2)?
0
Suppose 18 = 3*q + 3*n, -6*n = -q - n. Suppose q*d - 10 = -0*d. Let v(c) = 6*c**2. What is the units digit of v(d)?
4
Let q(j) = 3*j**2 - 335. Let y(w) = -2*w**2 + 223. Let d(o) = -5*q(o) - 7*y(o). What is the units digit of d(0)?
4
Let x = 53 + -68. Let i(b) = 2*b + 4. Let s(l) = 2*l + 5. Let u(z) = 5*i(z) - 6*s(z). What is the tens digit of u(x)?
2
Let u be (-12)/30 + 8196/(-10). What is the units digit of (-4)/(-18) - u/36?
3
Let o = 47 - 31. What is the units digit of (-1)/(-2 + 0)*(o - -100)?
8
Let k = 1102 - 505. What is the hundreds digit of k?
5
Let n(s) = 75*s**2 - s + 93. What is the units digit of n(7)?
1
What is the units digit of 764/10*(-150)/72*-6?
5
Let b be (-3 - -2) + 3 + 213. Suppose -b = -4*f - 5*g, 4*g + 15 = g. Suppose 4*q - f = -4*i + 84, -i = 0. What is the tens digit of q?
3
Suppose 61156 = 49*d - 87804. What is the thousands digit of d?
3
Let c = -28 - -31. Let b(a) = 4*a + a**c + 16*a + 0*a**3 - 15 - 15*a**2 - 3*a. What is the tens digit of b(14)?
2
What is the hundreds digit of (-20)/3*34200/(-375)?
6
Suppose -3*m + 2*x = -51, -3*m - 4*x + 51 = -x. Let t(y) = -y + 30. What is the units digit of t(m)?
3
Let k(c) = 14*c - 10 - 10*c - 5*c. Let w be k(-6). What is the units digit of -1 - (-5)/((-10)/w)?
1
Suppose -3*v = 2*o - 4*v - 682, 350 = o - 5*v. Suppose 0*h - o = h. What is the tens digit of ((-12)/20)/(4/h)?
5
Let b(h) = -27*h - 23. Let o(f) = f**2 - 10*f - 3. Let a be o(9). What is the hundreds digit of b(a)?
3
Suppose 5*i + 2*y = -12, -3*i - 3*y + 4 = y. Let z(k) = k**3 + 7*k**2 + 6*k + 2. What is the tens digit of z(i)?
2
Suppose 23*i - 286 = 22*i. Suppose 2*x = 4*d + i, 5*x - 4*x + 3*d - 168 = 0. What is the tens digit of x?
5
Let v(z) be the first derivative of -z**3/3 - 3*z**2 + z - 4. Let c be v(-6). What is the units digit of ((-36)/3)/(-1 - c)?
6
Let m = 671 + -365. Suppose 4 = -2*w, 5*u + 2*w - m = -0*u. Suppose h = -h + u. What is the units digit of h?
1
Let l be (-2 - -2) + 2 - -9. Suppose -5*w - 3*s + 23 = 3, -5*s + 20 = 5*w. Let c = l - w. What is the units digit of c?
7
Let t = -5 + -1. Let s be (t - -7)/(1/2). Suppose -6*k